{"id":49,"date":"2026-04-24T14:05:19","date_gmt":"2026-04-24T14:05:19","guid":{"rendered":"https:\/\/xn--snxutthngmisnphmtheoyucu-lgc758btlg920elbao4c6esc.vn\/?page_id=49"},"modified":"2026-04-24T14:05:19","modified_gmt":"2026-04-24T14:05:19","slug":"aromistico","status":"publish","type":"page","link":"https:\/\/xn--snxutthngmisnphmtheoyucu-lgc758btlg920elbao4c6esc.vn\/?page_id=49","title":{"rendered":"AROMISTICO"},"content":{"rendered":"\n<p>AROMISTICO Vi\u1ec7t Nam l\u00e0 s\u1ef1 giao thoa ho\u00e0n h\u1ea3o gi\u1eefa <strong>t\u01b0 duy duy m\u1ef9 v\u00e0 chi\u1ec1u s\u00e2u c\u1ee7a ngh\u1ec7 thu\u1eadt th\u01b0\u1edfng l\u00e3m<\/strong>. Tinh th\u1ea7n c\u1ee7a nh\u00e3n hi\u1ec7u \u0111\u1ea1i di\u1ec7n cho m\u1ed9t h\u00e0nh tr\u00ecnh kh\u00e1m ph\u00e1 nh\u1eefng gi\u00e1 tr\u1ecb tinh t\u00fay nh\u1ea5t, n\u01a1i m\u1ed7i t\u00e1ch c\u00e0 ph\u00ea kh\u00f4ng ch\u1ec9 l\u00e0 th\u1ee9c u\u1ed1ng m\u00e0 l\u00e0 m\u1ed9t t\u00e1c ph\u1ea9m ch\u1ee9a \u0111\u1ef1ng s\u1ef1 t\u0129nh t\u1ea1i v\u00e0 phong th\u00e1i l\u1ecbch l\u00e3m. AROMISTICO t\u00f4n vinh l\u1ed1i s\u1ed1ng ch\u1ecdn l\u1ecdc, d\u00e0nh ri\u00eang cho nh\u1eefng c\u00e1 nh\u00e2n tr\u00e2n tr\u1ecdng s\u1ef1 chu\u1ea9n m\u1ef1c v\u00e0 t\u00ecm ki\u1ebfm ngu\u1ed3n c\u1ea3m h\u1ee9ng t\u1eeb nh\u1eefng \u0111i\u1ec1u thu\u1ea7n khi\u1ebft nh\u1ea5t, bi\u1ebfn m\u1ed7i kho\u1ea3nh kh\u1eafc th\u01b0\u1eddng nh\u1eadt tr\u1edf th\u00e0nh m\u1ed9t tr\u1ea3i nghi\u1ec7m v\u0103n h\u00f3a \u0111\u1ea7y ki\u00eau h\u00e3nh.<\/p>\n\n\n\n<p>Trong \u0111\u1ecbnh h\u01b0\u1edbng chi\u1ebfn l\u01b0\u1ee3c, AROMISTICO t\u1eadp trung v\u00e0o vi\u1ec7c <strong>x\u00e2y d\u1ef1ng m\u1ed9t b\u1ea3n s\u1eafc th\u01b0\u01a1ng hi\u1ec7u \u0111\u1ed9c b\u1ea3n v\u00e0 \u0111\u1ea7y s\u1ee9c g\u1ee3i<\/strong>. Marketing c\u1ee7a ch\u00fang t\u00f4i kh\u00f4ng ch\u1ec9 d\u1eebng l\u1ea1i \u1edf vi\u1ec7c lan t\u1ecfa h\u01b0\u01a1ng v\u1ecb, m\u00e0 l\u00e0 ki\u1ebfn t\u1ea1o m\u1ed9t h\u1ec7 gi\u00e1 tr\u1ecb phong c\u00e1ch s\u1ed1ng th\u01b0\u1ee3ng l\u01b0u, n\u01a1i s\u1ef1 th\u1ea5u hi\u1ec3u kh\u00e1ch h\u00e0ng l\u00e0 tr\u1ecdng t\u00e2m c\u1ee7a m\u1ecdi s\u1ef1 s\u00e1ng t\u1ea1o. B\u1eb1ng c\u00e1ch k\u1ebft n\u1ed1i ni\u1ec1m \u0111am m\u00ea m\u00e3nh li\u1ec7t v\u1edbi c\u00e1c ti\u00eau chu\u1ea9n kh\u1eaft khe v\u1ec1 ch\u1ea5t l\u01b0\u1ee3ng, AROMISTICO t\u1ef1 tin kh\u1eb3ng \u0111\u1ecbnh v\u1ecb th\u1ebf l\u00e0 bi\u1ec3u t\u01b0\u1ee3ng c\u1ee7a s\u1ef1 sang tr\u1ecdng hi\u1ec7n \u0111\u1ea1i, mang \u0111\u1ebfn m\u1ed9t l\u00e0n gi\u00f3 m\u1edbi \u0111\u1ea7y tinh t\u1ebf v\u00e0 b\u1ec1n v\u1eefng cho th\u1ecb tr\u01b0\u1eddng c\u00e0 ph\u00ea cao c\u1ea5p t\u1ea1i Vi\u1ec7t Nam.<\/p>\n\n\n\n<hr class=\"wp-block-separator has-alpha-channel-opacity\"\/>\n\n\n\n<p><\/p>\n\n\n\n<p><strong>li\u00ean h\u1ec7 \u0111\u1ed1i t\u00e1c:<\/strong><\/p>\n\n\n\n<p>\u0110\u1ec3 nh\u1eadn b\u1ed9 h\u1ed3 s\u01a1 marketing tham kh\u1ea3o c\u0169ng nh\u01b0 trao \u0111\u1ed5i s\u00e2u h\u01a1n v\u1ec1 c\u00e1c ph\u01b0\u01a1ng \u00e1n h\u1ee3p t\u00e1c s\u1ea3n xu\u1ea5t v\u00e0 ph\u00e1t tri\u1ec3n h\u1ec7 th\u1ed1ng ph\u00e2n ph\u1ed1i b\u1ec1n v\u1eefng, qu\u00fd \u0111\u1ed1i t\u00e1c vui l\u00f2ng g\u1eedi email v\u1ec1 cho ch\u00fang t\u00f4i<\/p>\n\n\n\n<p>Ch\u00fang t\u00f4i tin r\u1eb1ng s\u1ef1 \u0111\u1ed3ng \u0111i\u1ec7u trong t\u1ea7m nh\u00ecn s\u1ebd l\u00e0 n\u1ec1n t\u1ea3ng v\u1eefng ch\u1eafc \u0111\u1ec3 c\u00f9ng nhau \u0111\u01b0a th\u01b0\u01a1ng hi\u1ec7u AROMISTICO v\u01b0\u01a1n t\u1edbi nh\u1eefng c\u1ed9t m\u1ed1c m\u1edbi.<\/p>\n\n\n\n<p>AROMISTICO l\u00e0 c\u00f3 c\u00e1c d\u00f2ng c\u00e0 ph\u00ea \u0111\u1eb7c s\u1ea3n t\u1eeb robusta \u0111\u1ebfn arabica . Hi\u1ec7n t\u1ea1i , AROMISTICO \u0111ang h\u1ee3p t\u00e1c c\u00f9ng Aryup trong ph\u00e1t tri\u1ec3n s\u1ea3n ph\u1ea9m , t\u00ecm hi\u1ec3u th\u1ecb hi\u1ebfu , v\u00e0 qu\u1ea3ng b\u00e1 \u0111\u1ebfn kh\u00e1ch h\u00e0ng. AROMISTICO \u0111\u01b0\u1ee3c b\u1ea3o h\u1ed9 \u0111\u1ed9c quy\u1ec1n theo s\u1ed1 4-0462436-000 c\u00e1c s\u1ea3n ph\u1ea9m : c\u00e0 ph\u00ea \u2022 c\u00e0 ph\u00ea ch\u01b0a rang \u2022 \u0111\u1ed3 u\u1ed1ng tr\u00ean c\u01a1 s\u1edf c\u00e0 ph\u00ea \u2022 s\u00f4c\u00f4la \u2022 s\u00f4c\u00f4la nhuy\u1ec5n d\u1ea1ng s\u1ec7t \u2022 b\u00e1nh k\u1eb9o<\/p>\n\n\n\n<figure class=\"wp-block-image size-large\"><img loading=\"lazy\" decoding=\"async\" width=\"1024\" height=\"610\" src=\"https:\/\/xn--snxutthngmisnphmtheoyucu-lgc758btlg920elbao4c6esc.vn\/wp-content\/uploads\/2026\/04\/Gemini_Generated_Image_7gqyo77gqyo77gqy-1024x610.png\" alt=\"\" class=\"wp-image-50\" srcset=\"https:\/\/xn--snxutthngmisnphmtheoyucu-lgc758btlg920elbao4c6esc.vn\/wp-content\/uploads\/2026\/04\/Gemini_Generated_Image_7gqyo77gqyo77gqy-1024x610.png 1024w, https:\/\/xn--snxutthngmisnphmtheoyucu-lgc758btlg920elbao4c6esc.vn\/wp-content\/uploads\/2026\/04\/Gemini_Generated_Image_7gqyo77gqyo77gqy-300x179.png 300w, https:\/\/xn--snxutthngmisnphmtheoyucu-lgc758btlg920elbao4c6esc.vn\/wp-content\/uploads\/2026\/04\/Gemini_Generated_Image_7gqyo77gqyo77gqy-768x457.png 768w, https:\/\/xn--snxutthngmisnphmtheoyucu-lgc758btlg920elbao4c6esc.vn\/wp-content\/uploads\/2026\/04\/Gemini_Generated_Image_7gqyo77gqyo77gqy.png 1344w\" sizes=\"auto, (max-width: 1024px) 100vw, 1024px\" \/><\/figure>\n","protected":false},"excerpt":{"rendered":"<p>AROMISTICO Vi\u1ec7t Nam l\u00e0 s\u1ef1 giao thoa ho\u00e0n h\u1ea3o gi\u1eefa t\u01b0 duy duy m\u1ef9 v\u00e0 chi\u1ec1u s\u00e2u c\u1ee7a ngh\u1ec7 thu\u1eadt&hellip;<\/p>\n","protected":false},"author":1,"featured_media":0,"parent":0,"menu_order":0,"comment_status":"closed","ping_status":"closed","template":"","meta":{"footnotes":""},"class_list":["post-49","page","type-page","status-publish","hentry"],"_links":{"self":[{"href":"https:\/\/xn--snxutthngmisnphmtheoyucu-lgc758btlg920elbao4c6esc.vn\/index.php?rest_route=\/wp\/v2\/pages\/49","targetHints":{"allow":["GET"]}}],"collection":[{"href":"https:\/\/xn--snxutthngmisnphmtheoyucu-lgc758btlg920elbao4c6esc.vn\/index.php?rest_route=\/wp\/v2\/pages"}],"about":[{"href":"https:\/\/xn--snxutthngmisnphmtheoyucu-lgc758btlg920elbao4c6esc.vn\/index.php?rest_route=\/wp\/v2\/types\/page"}],"author":[{"embeddable":true,"href":"https:\/\/xn--snxutthngmisnphmtheoyucu-lgc758btlg920elbao4c6esc.vn\/index.php?rest_route=\/wp\/v2\/users\/1"}],"replies":[{"embeddable":true,"href":"https:\/\/xn--snxutthngmisnphmtheoyucu-lgc758btlg920elbao4c6esc.vn\/index.php?rest_route=%2Fwp%2Fv2%2Fcomments&post=49"}],"version-history":[{"count":1,"href":"https:\/\/xn--snxutthngmisnphmtheoyucu-lgc758btlg920elbao4c6esc.vn\/index.php?rest_route=\/wp\/v2\/pages\/49\/revisions"}],"predecessor-version":[{"id":51,"href":"https:\/\/xn--snxutthngmisnphmtheoyucu-lgc758btlg920elbao4c6esc.vn\/index.php?rest_route=\/wp\/v2\/pages\/49\/revisions\/51"}],"wp:attachment":[{"href":"https:\/\/xn--snxutthngmisnphmtheoyucu-lgc758btlg920elbao4c6esc.vn\/index.php?rest_route=%2Fwp%2Fv2%2Fmedia&parent=49"}],"curies":[{"name":"wp","href":"https:\/\/api.w.org\/{rel}","templated":true}]}}